+ p - 6. Let c(o) = 4*o**2 - o + 11. Let t(v) = 3*c(v) + 5*u(v). Suppose -d = -0*d + 2. List the prime factors of t(d).
7
Suppose -2*q + 29 = -29. What are the prime factors of q?
29
Suppose -4*c - 41 + 209 = 0. Suppose 2*p + c = 5*p. What are the prime factors of p?
2, 7
Let d(c) = c**2 + 3*c - 34. List the prime factors of d(10).
2, 3
Suppose 5*r - 90 = 2*z - 25, -5*z = 4*r - 85. Suppose 0 = 4*k + k - r. Suppose -k*t = -3 - 6. List the prime factors of t.
3
Let m = -2 - -4. Suppose 3*a + m*a - 15 = 0. What are the prime factors of a?
3
Let u be 16/10 - 8/(-20). Suppose -k + u*s + 11 = -0*s, 2*k - 1 = -3*s. Suppose k = o - 3. List the prime factors of o.
2
Let b be 47/9 + (-8)/36. Suppose 2*l = b + 7. List the prime factors of l.
2, 3
Let p = 9 - 6. Suppose p = 2*y - 15. What are the prime factors of y?
3
Let h(n) = 10*n - 2. Let o be h(3). Suppose q - 4*l - 25 = -0*q, -4*q - 2*l = -o. Let k = 13 - q. What are the prime factors of k?
2
Let g(c) = -13*c + 4. What are the prime factors of g(-2)?
2, 3, 5
Suppose d + 2*a - 20 + 4 = 0, -3*a = -9. Suppose 3*f - 5*b = -0*f + d, 0 = f - 2*b - 3. List the prime factors of f.
5
Let w = 233 - 44. What are the prime factors of w?
3, 7
Suppose -4454 = -14*s - 3*s. What are the prime factors of s?
2, 131
Suppose 1 = -3*s + 16. Suppose 5*v - s = -a, -2*a + 3*v = 3*a - 25. Suppose -a*z + 3*i = -65, 7 = -4*z - 5*i + 22. List the prime factors of z.
2, 5
Suppose a + 3 = -3*y, -2*y - 5*a + 17 = -3*y. What are the prime factors of (-4 + 6)*(-4)/y?
2
Suppose 0 = -q - 0*q - 11. What are the prime factors of q/((-7)/2 - -3)?
2, 11
Let r(k) be the first derivative of 3*k**4/4 - k**3 + k - 3. What are the prime factors of r(2)?
13
Let n be 3/(-2)*(-56)/6. Let c = n + -7. What are the prime factors of c?
7
Let k(y) = 4*y - 15. List the prime factors of k(6).
3
Let p = 6 - 3. Suppose 2*j + 3*z - 10 = z, 2*j + p*z - 13 = 0. Suppose -2 = j*w - 3*w. List the prime factors of w.
2
Let k(f) = 8*f + 11. List the prime factors of k(10).
7, 13
Let z(a) = a**2 - 10*a + 2. Let d be z(8). Let p = -10 - d. List the prime factors of p.
2
Suppose 2*f + 7 - 67 = 0. What are the prime factors of f?
2, 3, 5
Suppose -166 = -2*v + a, -2*v - 2*v = 5*a - 318. What are the prime factors of v?
2, 41
Let z be ((-84)/30)/((-1)/(-5)). Let c = z - -23. What are the prime factors of c?
3
Suppose -v - 2*v = 2*t - 19, 2*t + 4*v = 24. Suppose 0 = t*z + 2*z. Suppose 5*b - 3*h + 16 - 62 = z, -b = -2*h - 5. What are the prime factors of b?
11
Let q(z) be the third derivative of -z**4/12 + z**3/2 - 4*z**2. What are the prime factors of q(-7)?
17
Let w be (-28)/(-5) + (-6)/(-15). Suppose 4*l + 2*p = w, -2*l + 7*l - 11 = p. Suppose -6*t + l*t = -8. List the prime factors of t.
2
Let b(w) = -2 + 0*w + 5*w + 6*w - 3*w. Let n(o) = o + 1. Let g(l) = -b(l) - 2*n(l). List the prime factors of g(-1).
2, 5
Suppose 0 = -3*t - m + 5, 15 = -4*t - 2*m + 5*m. Suppose 0 = 3*a - t*c + 4*c - 63, 0 = 5*a + 2*c - 91. What are the prime factors of a?
17
Let b(t) = 3*t**2 + 6*t - 4. What are the prime factors of b(-5)?
41
Let s(a) = -a**2 - a + 16. Let i be s(0). Let f be -1*(6/3 - i). Let c = f + -4. What are the prime factors of c?
2, 5
Suppose -4*w + 5*w + 18 = 2*f, f - 2*w = 6. What are the prime factors of f?
2, 5
Let m = 3 + 2. Let a(i) = -3*i**3 - 2*i**2 - 11*i + 9. Let k(z) = 4*z**3 + z**2 + 12*z - 10. Let o(w) = m*a(w) + 4*k(w). What are the prime factors of o(7)?
5
Suppose 4*d + 6 - 18 = 0. Let i = -33 + 52. Let g = i - d. List the prime factors of g.
2
List the prime factors of (4 - 1)/(3/30).
2, 3, 5
Let b = 140 + -95. What are the prime factors of b?
3, 5
Let c(k) = -6*k**3 + k**2 + k. Let u be c(-1). Let t be 2*1*2/(-4). Let d = u + t. What are the prime factors of d?
5
Suppose 0 = -h - 3*h + 4. Let w(o) = 3*o**3 - o. Let s be w(h). Suppose -3*d - 3*l = -42, -3*d - 2*d + s*l + 63 = 0. List the prime factors of d.
13
Suppose -3*h = -5*h + 42. Let v = -10 - -15. Suppose 5*w - 15 = c - 6*c, c = v*w + h. What are the prime factors of c?
2, 3
Let z(x) = -x**2 - 4*x + 10. Let c be z(-7). Let h = c - -7. What are the prime factors of 7 - (h + (-6)/(-2))?
2
Suppose 55 + 818 = 9*c. List the prime factors of c.
97
Let l(h) = h**3 + 7*h**2 - 10*h - 10. Let v be l(-8). Suppose w - 3*q = -4*q + v, 3*w = -5*q + 14. What are the prime factors of w?
2
Suppose 0*p - p = -8. Let q = 39 - p. Let o = q - 19. What are the prime factors of o?
2, 3
Let t be (-937)/(-4) - (-1)/(-4). Suppose 4*b + 20 = 4. List the prime factors of (b/(-6))/(12/t).
13
Suppose -3*l - 107 = -8*l - 3*b, 2*b = -5*l + 108. Let s = 32 - l. List the prime factors of s.
2, 5
Let s = 0 + 5. Suppose -2*g - i - 23 = 2*i, s*i - 31 = g. Let j = g - -27. List the prime factors of j.
11
Let h(w) = -w**2 - w + 5. Let v be h(-5). What are the prime factors of (0 - 3 - v) + 3?
3, 5
Let y = -6 + 2. Let x = y + 3. List the prime factors of (-36)/(-8) - x/(-2).
2
Let g(y) = -2*y + 6. Let x be g(-11). Let s = 22 + x. What are the prime factors of s?
2, 5
Let w = 6 + 8. Suppose 4*l - 8 = 12. Suppose 16 + w = l*o. List the prime factors of o.
2, 3
Suppose 0*i - 5*i + l = -20, -3*l = 0. What are the prime factors of i?
2
Suppose 7*m - 5*m = 42. List the prime factors of m.
3, 7
Let u(z) = -z**3 + z**2 + 5*z - 2. Let s be u(3). Let l(c) = -c**3 - 5*c**2 - 2*c. List the prime factors of l(s).
2, 5
Suppose -d = -4*c - 0*c + 120, d = c - 30. List the prime factors of (-6 - -3) + c + 0.
3
Let d(x) = -x + 1. Let l(a) = -a**2 - 13. Let f(t) = -6*d(t) - l(t). Let p be f(-5). Suppose -p*i = -i - 10. List the prime factors of i.
2, 5
Let t(f) = f + 12. List the prime factors of t(7).
19
What are the prime factors of 1 + 141 - 1*2/(-2)?
11, 13
Suppose -3*h + 2 = o + 17, 5*h = -2*o - 25. Let w(f) = f**2 - 2*f - 4. Let g be w(4). Suppose d - 1 - g = o. What are the prime factors of d?
5
Let z(c) = c**2 + c + 1. Let w(k) = 4*k**2 + 6*k + 4. Let s(b) = -w(b) + 5*z(b). List the prime factors of s(-2).
7
Let l(g) = g**3 + 4*g**2 - 2*g - 1. Let u be 2/(2 + 0) - -24. Let s be 2/5 + (-110)/u. What are the prime factors of l(s)?
7
Let u(p) = 4*p - 7. Let v(t) = -t**2 - 9*t - 8. Let c be v(-7). List the prime factors of u(c).
17
Suppose -g + 5*f + 21 = 0, -2*g + 1 = 4*f - 13. List the prime factors of g.
11
Suppose 4*w + 0*w = -4. Let z = w + 5. Let c = 16 - z. List the prime factors of c.
2, 3
Suppose 5*x - 1 - 6 = 2*p, 0 = 5*x + p - 4. List the prime factors of (x/3)/(2/36).
2, 3
Suppose 3*y - 61 = -y - 5*l, 5*y = -4*l + 65. Let q = y - -2. What are the prime factors of q?
11
Let n be (-166)/7 - 4/14. Suppose -5*k = 67 + 18. Let z = k - n. What are the prime factors of z?
7
Suppose -4*l + 0 = -80. List the prime factors of l.
2, 5
Let b(p) be the second derivative of 1/6*p**3 + 0 + 5/2*p**2 - p. What are the prime factors of b(7)?
2, 3
Let r(h) = h**2 + 5*h + 6. Let i be r(-5). Let g(d) = d**2 - 5*d + 2. List the prime factors of g(i).
2
Let l(w) = -w**2 - 14*w. Suppose -55 = 12*r - 7*r. List the prime factors of l(r).
3, 11
Suppose -2*c = c - 12. Suppose -3*d - 4 = -13. Suppose -13 - d = -c*k. List the prime factors of k.
2
Let r(b) = b**2 - 4*b. Let n be r(5). Let p(f) = 6*f - 6. List the prime factors of p(n).
2, 3
Suppose -7*v = -816 - 136. Suppose 109 = 5*b - v. List the prime factors of b.
7
Let o(j) = -j**2 + 6*j + 7. Let c = -3 - -11. Let t be o(c). Let l = 3 - t. List the prime factors of l.
2, 3
Suppose -2*y + 2 + 8 = 0. What are the prime factors of y?
5
Let s(i) = -6*i + 4. List the prime factors of s(-4).
2, 7
Let z = 110 + -47. Suppose -5*x + 42 = -z. List the prime factors of x.
3, 7
Suppose -4*q - 4*u + 7*u + 47 = 0, 0 = 5*q - 3*u - 58. List the prime factors of q.
11
Suppose 3*z - 13 = -3*t + 59, -5*z = 3*t - 130. Suppose 3*x - 2*x - z = 0. What are the prime factors of x?
29
Let f(o) = 12*o**2 - 4*o - 4. List the prime factors of f(2).
2, 3
Let z = -10 - -10. Suppose z*a - 50 = -3*a + 4*h, -4*h - 86 = -5*a. List the prime factors of a.
2, 3
Let z(r) = -12*r**3 + r**2 - 1. Let y be z(1). Let m = -6 - y. Suppose -t = t - m. List the prime factors of t.
3
Let n(v) = v**2 - 6. Suppose 24 = 3*c + c. List the prime factors of n(c).
2, 3, 5
Suppose 0 = -5*l - 4*r + 3, 0*l - 3*r = -5*l + 24. Suppose s + l*s - 8 = 0. What are the pri